{"id":2,"date":"2011-07-19T17:00:14","date_gmt":"2011-07-19T17:00:14","guid":{"rendered":"http:\/\/blog.correios.com.br\/acordocoletivo\/?page_id=2"},"modified":"2011-07-22T13:56:15","modified_gmt":"2011-07-22T13:56:15","slug":"sobre","status":"publish","type":"page","link":"https:\/\/blog.correios.com.br\/acordocoletivo\/?page_id=2","title":{"rendered":"Sobre o blog"},"content":{"rendered":"<p>Car@s leitor@s,<\/p>\n<p>O Blog do Acordo Coletivo \u00e9 um novo canal de comunica\u00e7\u00e3o dos Correios com seus funcion\u00e1rios.<\/p>\n<p>Nele voc\u00ea vai encontrar informa\u00e7\u00f5es sobre o andamento do acordo coletivo 2011\/2012 e tudo o que disser respeito \u00e0s negocia\u00e7\u00f5es trabalhistas, com total transpar\u00eancia e objetividade.<\/p>\n<p>O blog usar\u00e1 textos, fotos, v\u00eddeos, \u00e1udios e infogr\u00e1ficos para facilitar a leitura e o entendimento dos mais variados temas, al\u00e9m de permitir interatividade via coment\u00e1rios do internauta.<\/p>\n<p>\u00a0Divulgue este canal e tenha uma boa leitura!<\/p>\n","protected":false},"excerpt":{"rendered":"<p>Car@s leitor@s, O Blog do Acordo Coletivo \u00e9 um novo canal de comunica\u00e7\u00e3o dos Correios com seus funcion\u00e1rios. Nele voc\u00ea vai encontrar informa\u00e7\u00f5es sobre o andamento do acordo coletivo 2011\/2012 e tudo o que disser respeito \u00e0s negocia\u00e7\u00f5es trabalhistas, com &hellip; <a href=\"https:\/\/blog.correios.com.br\/acordocoletivo\/?page_id=2\">Continue lendo <span class=\"meta-nav\">&rarr;<\/span><\/a><\/p>\n","protected":false},"author":1,"featured_media":0,"parent":0,"menu_order":0,"comment_status":"closed","ping_status":"open","template":"","meta":{"footnotes":""},"class_list":["post-2","page","type-page","status-publish","hentry"],"_links":{"self":[{"href":"https:\/\/blog.correios.com.br\/acordocoletivo\/index.php?rest_route=\/wp\/v2\/pages\/2","targetHints":{"allow":["GET"]}}],"collection":[{"href":"https:\/\/blog.correios.com.br\/acordocoletivo\/index.php?rest_route=\/wp\/v2\/pages"}],"about":[{"href":"https:\/\/blog.correios.com.br\/acordocoletivo\/index.php?rest_route=\/wp\/v2\/types\/page"}],"author":[{"embeddable":true,"href":"https:\/\/blog.correios.com.br\/acordocoletivo\/index.php?rest_route=\/wp\/v2\/users\/1"}],"replies":[{"embeddable":true,"href":"https:\/\/blog.correios.com.br\/acordocoletivo\/index.php?rest_route=%2Fwp%2Fv2%2Fcomments&post=2"}],"version-history":[{"count":3,"href":"https:\/\/blog.correios.com.br\/acordocoletivo\/index.php?rest_route=\/wp\/v2\/pages\/2\/revisions"}],"predecessor-version":[{"id":23,"href":"https:\/\/blog.correios.com.br\/acordocoletivo\/index.php?rest_route=\/wp\/v2\/pages\/2\/revisions\/23"}],"wp:attachment":[{"href":"https:\/\/blog.correios.com.br\/acordocoletivo\/index.php?rest_route=%2Fwp%2Fv2%2Fmedia&parent=2"}],"curies":[{"name":"wp","href":"https:\/\/api.w.org\/{rel}","templated":true}]}}

<p>Car@s leitor@s,</p>
<p>O Blog do Acordo Coletivo é um novo canal de comunicação dos Correios com seus funcionários.</p>
<p>Nele você vai encontrar informações sobre o andamento do acordo coletivo 2011/2012 e tudo o que disser respeito às negociações trabalhistas, com total transparência e objetividade.</p>
<p>O blog usará textos, fotos, vídeos, áudios e infográficos para facilitar a leitura e o entendimento dos mais variados temas, além de permitir interatividade via comentários do internauta.</p>
<p> Divulgue este canal e tenha uma boa leitura!</p>

<p>Car@s leitor@s, O Blog do Acordo Coletivo é um novo canal de comunicação dos Correios com seus funcionários. Nele você vai encontrar informações sobre o andamento do acordo coletivo 2011/2012 e tudo o que disser respeito às negociações trabalhistas, com &hellip; <a href="https://blog.correios.com.br/acordocoletivo/?page_id=2">Continue lendo <span class="meta-nav">&rarr;</span></a></p>
